{"id":227,"date":"2023-08-31T08:09:09","date_gmt":"2023-08-31T11:09:09","guid":{"rendered":"https:\/\/mouraecruzadvocacia.com.br\/?page_id=227"},"modified":"2023-08-31T08:14:29","modified_gmt":"2023-08-31T11:14:29","slug":"compliance","status":"publish","type":"page","link":"https:\/\/mouraecruzadvocacia.com.br\/?page_id=227","title":{"rendered":"Compliance"},"content":{"rendered":"\t\t<div data-elementor-type=\"wp-page\" data-elementor-id=\"227\" class=\"elementor elementor-227\" data-elementor-post-type=\"page\">\n\t\t\t\t\t\t\t\t\t<section class=\"elementor-section elementor-top-section elementor-element elementor-element-f2694d3 elementor-section-boxed elementor-section-height-default elementor-section-height-default\" data-id=\"f2694d3\" data-element_type=\"section\">\n\t\t\t\t\t\t<div class=\"elementor-container elementor-column-gap-default\">\n\t\t\t\t\t<div class=\"elementor-column elementor-col-100 elementor-top-column elementor-element elementor-element-1bdbbfd\" data-id=\"1bdbbfd\" data-element_type=\"column\" data-settings=\"{&quot;background_background&quot;:&quot;classic&quot;}\">\n\t\t\t<div class=\"elementor-widget-wrap elementor-element-populated\">\n\t\t\t\t\t\t\t\t<div class=\"elementor-element elementor-element-e279cc1 elementor-position-left elementor-vertical-align-middle elementor-view-default elementor-mobile-position-top elementor-widget elementor-widget-icon-box\" data-id=\"e279cc1\" data-element_type=\"widget\" data-widget_type=\"icon-box.default\">\n\t\t\t\t<div class=\"elementor-widget-container\">\n\t\t\t<link rel=\"stylesheet\" href=\"https:\/\/mouraecruzadvocacia.com.br\/wp-content\/plugins\/elementor\/assets\/css\/widget-icon-box.min.css\">\t\t<div class=\"elementor-icon-box-wrapper\">\n\t\t\t\t\t\t<div class=\"elementor-icon-box-icon\">\n\t\t\t\t<span class=\"elementor-icon elementor-animation-\" >\n\t\t\t\t<i aria-hidden=\"true\" class=\"fas fa-check-circle\"><\/i>\t\t\t\t<\/span>\n\t\t\t<\/div>\n\t\t\t\t\t\t<div class=\"elementor-icon-box-content\">\n\t\t\t\t<h3 class=\"elementor-icon-box-title\">\n\t\t\t\t\t<span  >\n\t\t\t\t\t\t\t\t\t\t\t<\/span>\n\t\t\t\t<\/h3>\n\t\t\t\t\t\t\t<\/div>\n\t\t<\/div>\n\t\t\t\t<\/div>\n\t\t\t\t<\/div>\n\t\t\t\t<div class=\"elementor-element elementor-element-93c308d elementor-widget elementor-widget-text-editor\" data-id=\"93c308d\" data-element_type=\"widget\" data-widget_type=\"text-editor.default\">\n\t\t\t\t<div class=\"elementor-widget-container\">\n\t\t\t<style>\/*! elementor - v3.15.0 - 20-08-2023 *\/\n.elementor-widget-text-editor.elementor-drop-cap-view-stacked .elementor-drop-cap{background-color:#69727d;color:#fff}.elementor-widget-text-editor.elementor-drop-cap-view-framed .elementor-drop-cap{color:#69727d;border:3px solid;background-color:transparent}.elementor-widget-text-editor:not(.elementor-drop-cap-view-default) .elementor-drop-cap{margin-top:8px}.elementor-widget-text-editor:not(.elementor-drop-cap-view-default) .elementor-drop-cap-letter{width:1em;height:1em}.elementor-widget-text-editor .elementor-drop-cap{float:left;text-align:center;line-height:1;font-size:50px}.elementor-widget-text-editor .elementor-drop-cap-letter{display:inline-block}<\/style>\t\t\t\t<ul><li><strong>Elabora\u00e7\u00e3o de Pol\u00edticas e Procedimentos:<\/strong> Desenvolvimento de pol\u00edticas internas e procedimentos operacionais que estejam em conformidade com as leis e regulamentos aplic\u00e1veis.<\/li><li><strong>Treinamento:<\/strong> Capacita\u00e7\u00e3o dos colaboradores e da alta administra\u00e7\u00e3o sobre os requisitos de conformidade e as implica\u00e7\u00f5es legais relacionadas \u00e0s suas fun\u00e7\u00f5es.<\/li><li><strong>Auditorias Internas:<\/strong> Realiza\u00e7\u00e3o de auditorias regulares para avaliar a conformidade da empresa e identificar \u00e1reas que precisam de ajustes.<\/li><li><strong>Preven\u00e7\u00e3o de Lavagem de Dinheiro (PLD):<\/strong> Implementa\u00e7\u00e3o de medidas para evitar a utiliza\u00e7\u00e3o de recursos provenientes de atividades il\u00edcitas na empresa.<\/li><li><strong>Prote\u00e7\u00e3o de Dados (LGPD\/GDPR):<\/strong> Orienta\u00e7\u00e3o para adequar as opera\u00e7\u00f5es da empresa \u00e0s normas de privacidade de dados pessoais.<\/li><li><strong>Gest\u00e3o de Riscos:<\/strong> Identifica\u00e7\u00e3o, avalia\u00e7\u00e3o e mitiga\u00e7\u00e3o de riscos legais e regulat\u00f3rios que possam impactar a empresa.<\/li><li><strong>Relat\u00f3rios de Conformidade:<\/strong> Elabora\u00e7\u00e3o de relat\u00f3rios que demonstrem o comprometimento da empresa com as pr\u00e1ticas de conformidade perante autoridades reguladoras e investidores.<\/li><li><strong>Resolu\u00e7\u00e3o de Conflitos \u00c9ticos:<\/strong> Estabelecimento de canais para den\u00fancias internas e resolu\u00e7\u00e3o de conflitos \u00e9ticos de forma confidencial e eficaz.<\/li><\/ul>\t\t\t\t\t\t<\/div>\n\t\t\t\t<\/div>\n\t\t\t\t<div class=\"elementor-element elementor-element-53e75e4 elementor-align-justify elementor-widget elementor-widget-button\" data-id=\"53e75e4\" data-element_type=\"widget\" data-widget_type=\"button.default\">\n\t\t\t\t<div class=\"elementor-widget-container\">\n\t\t\t\t\t<div class=\"elementor-button-wrapper\">\n\t\t\t<a class=\"elementor-button elementor-button-link elementor-size-sm\" href=\"https:\/\/wa.me\/5535992037516?text=Ol%C3%A1%2C+vim+pelo+site.+Quero+falar+com+um+advogado%21\" id=\"botaum\">\n\t\t\t\t\t\t<span class=\"elementor-button-content-wrapper\">\n\t\t\t\t\t\t<span class=\"elementor-button-text\">Entre em contato<\/span>\n\t\t<\/span>\n\t\t\t\t\t<\/a>\n\t\t<\/div>\n\t\t\t\t<\/div>\n\t\t\t\t<\/div>\n\t\t\t\t\t<\/div>\n\t\t<\/div>\n\t\t\t\t\t\t\t<\/div>\n\t\t<\/section>\n\t\t\t\t\t\t\t<\/div>\n\t\t","protected":false},"excerpt":{"rendered":"<p>Elabora\u00e7\u00e3o de Pol\u00edticas e Procedimentos: Desenvolvimento de pol\u00edticas internas e procedimentos operacionais que estejam em conformidade com as leis e regulamentos aplic\u00e1veis. Treinamento: Capacita\u00e7\u00e3o dos colaboradores e da alta administra\u00e7\u00e3o sobre os requisitos de conformidade e as implica\u00e7\u00f5es legais relacionadas \u00e0s suas fun\u00e7\u00f5es. Auditorias Internas: Realiza\u00e7\u00e3o de auditorias regulares para avaliar a conformidade da empresa [&hellip;]<\/p>\n","protected":false},"author":1,"featured_media":0,"parent":0,"menu_order":0,"comment_status":"closed","ping_status":"closed","template":"","meta":{"footnotes":""},"class_list":["post-227","page","type-page","status-publish","hentry"],"_links":{"self":[{"href":"https:\/\/mouraecruzadvocacia.com.br\/index.php?rest_route=\/wp\/v2\/pages\/227","targetHints":{"allow":["GET"]}}],"collection":[{"href":"https:\/\/mouraecruzadvocacia.com.br\/index.php?rest_route=\/wp\/v2\/pages"}],"about":[{"href":"https:\/\/mouraecruzadvocacia.com.br\/index.php?rest_route=\/wp\/v2\/types\/page"}],"author":[{"embeddable":true,"href":"https:\/\/mouraecruzadvocacia.com.br\/index.php?rest_route=\/wp\/v2\/users\/1"}],"replies":[{"embeddable":true,"href":"https:\/\/mouraecruzadvocacia.com.br\/index.php?rest_route=%2Fwp%2Fv2%2Fcomments&post=227"}],"version-history":[{"count":7,"href":"https:\/\/mouraecruzadvocacia.com.br\/index.php?rest_route=\/wp\/v2\/pages\/227\/revisions"}],"predecessor-version":[{"id":270,"href":"https:\/\/mouraecruzadvocacia.com.br\/index.php?rest_route=\/wp\/v2\/pages\/227\/revisions\/270"}],"wp:attachment":[{"href":"https:\/\/mouraecruzadvocacia.com.br\/index.php?rest_route=%2Fwp%2Fv2%2Fmedia&parent=227"}],"curies":[{"name":"wp","href":"https:\/\/api.w.org\/{rel}","templated":true}]}}